 units digit of d(k)?
7
Suppose k - 49 - 46 = 0. Suppose -k = -2*y - 3*y. What is the units digit of y?
9
Let t = 4 - 4. Suppose -3*w = f + 8, t = -f + 3*f - 5*w - 17. Suppose u + f - 4 = 0. What is the units digit of u?
3
Let x = 1 + 1. Let b be -1 + (24/3 - x). Let u = 6 - b. What is the units digit of u?
1
Suppose -5*v = k - 479, 3*k + 182 = 2*v + k. What is the tens digit of v?
9
What is the tens digit of ((-3)/(-5))/(13/1105)?
5
Let j = -93 - -144. What is the units digit of j?
1
Let q(z) = 11*z**2 + 2*z + 1. Let j be q(-1). Suppose -5*u + j*u = 65. What is the units digit of u?
3
Suppose 0 = -2*o + 4*o - 56. Let m = 52 - o. What is the units digit of m?
4
Suppose -3*n + 30 = 3*u, -3*u = 3*n + u - 32. Suppose 0 = -h + 3*b + b + 32, 4*b - n = -h. What is the tens digit of h?
2
Let h = 156 + -100. What is the tens digit of h?
5
Let z(r) = r**2 - 7*r - 3. Let t(n) = -2*n**2 + 8*n + 4. Let b(v) = 2*t(v) + 3*z(v). What is the units digit of b(-4)?
3
Let o be 8/(-5)*5/(-2). Suppose f = -o*z - 3, -6 = f - 3. Suppose l = 3*h - 30, z = -2*h + 4*h + 2*l - 20. What is the tens digit of h?
1
Suppose -6*h + 8*h + 2322 = 0. What is the units digit of (-8)/28 - h/21?
5
Let l = 85 + -41. What is the tens digit of l?
4
Suppose 82 + 794 = 6*b. What is the tens digit of b?
4
Suppose 3*k = 1 + 11. Suppose 2*u + 5*m - 66 = -2*u, -k*m = -u + 27. What is the units digit of u?
9
Suppose 0 = 8*z - 3*z. Suppose z*k - 2*k = 6. Let l(v) = -v - 2. What is the units digit of l(k)?
1
Let m be (-84)/20 - (-2)/10. Let h = m - -12. What is the units digit of h?
8
Let c be ((-1)/(-2))/(6/(-72)). Let w(x) be the third derivative of -x**4/24 - 5*x**3/6 - x**2. What is the units digit of w(c)?
1
Suppose 2*t = -0 - 2, -10 = -3*k - 2*t. Suppose -2*d - 10 = -k*d. Suppose 2*b + 3 = d*b. What is the units digit of b?
1
Suppose 3*k + 0*t - 401 = -2*t, 2*t = 8. What is the tens digit of k?
3
Suppose 8*d - 1933 = 635. What is the tens digit of d?
2
Suppose -6*l + 2*l = -920. What is the tens digit of l?
3
Let l(t) = t**2 - 21*t + 51. What is the tens digit of l(23)?
9
Let n(z) be the second derivative of z**5/20 - 3*z**4/4 + z**3/6 - 3*z**2 + z. Let j = -16 + 25. What is the units digit of n(j)?
3
Suppose 3 = -0*n + n. What is the units digit of n - -1*(-2)/(-2)?
4
Let j(i) = -i - 4. Let g be j(-8). Let q(w) = w**2 + w - 2. Let o be q(-3). Suppose 5*t = -g*d + 38, -2*t + 15 = d + o. What is the units digit of d?
7
Suppose 4*h = -h + 450. What is the tens digit of h?
9
Suppose -2*m + 202 = -0*m - 4*z, m - 104 = 3*z. What is the units digit of m?
5
Let k(t) be the first derivative of 2*t**3/3 - 5*t**2/2 + 6*t - 1. What is the tens digit of k(4)?
1
Suppose -3*b = 2*q - q - 3, 5*b = 0. What is the units digit of q?
3
Suppose 3*r + 30 = -3*y, 3*y = 4*r - r + 30. Let l = r + 44. What is the tens digit of l?
3
Let p be ((-129)/(-12))/((-1)/(-8)). Suppose -3*f = 49 + p. Let y = -32 - f. What is the units digit of y?
3
Suppose -s - s + 6 = 0. Suppose 0 = -5*p + o + 17, 9 = 4*p + p + s*o. What is the units digit of p?
3
Suppose 0 = -b + h + 3, -6*h = b - 4*h. Suppose -i - b*i + 27 = 0. What is the units digit of i?
9
Let t = 13 - -51. What is the units digit of t?
4
What is the units digit of (-5)/(25/34)*-5?
4
Suppose 12 - 65 = -o - 3*i, -4*o + 5*i + 195 = 0. What is the units digit of o?
0
Suppose -5*a + 7*a - 8 = 0. Suppose 0*i = a*i - 72. What is the units digit of i?
8
Let p be (-12)/(2 + -4 + 0). Let s(a) = a**3 - 7*a**2 + 4*a + 14. What is the units digit of s(p)?
2
Let p(v) = 12*v**3 + 4*v**2 - 4*v + 2. What is the units digit of p(2)?
6
Let l be 0 + 1/1*-2. Suppose 5*o = 4*o + 1. What is the units digit of 9/o - (-2)/l?
8
Suppose -6*h + 2*h - 4 = 0. Let j = 6 + h. Suppose -d - 3 = 0, -39 = -3*g + j*d - 3. What is the units digit of g?
7
Let o(x) = 2*x**2 + 2*x - 6. Suppose -3*w + 8*w = -25. What is the tens digit of o(w)?
3
Let i be 6/24 - 35/(-4). Suppose r = g + 5, 3*r - 2*r + g - i = 0. What is the units digit of r?
7
Let p(t) = -t**2 - 5 + 0 + 0 - 7*t + 1. Let c be p(-6). What is the units digit of (c - 3)/((-3)/9)?
3
Let a = -54 - -144. What is the tens digit of a?
9
What is the hundreds digit of (5 - 1974/(-15)) + 2/5?
1
Suppose -5*d + 14 = 3*u, 8 = -3*d - d. Suppose -28 - u = -4*y. What is the units digit of y?
9
Let q be (7 + -4 + -3)/1. Let l(k) = 5*k**2 + 3*k + 2. Let f be l(3). Suppose -4*n + f = 3*p - 0*n, q = -5*p - 3*n + 75. What is the tens digit of p?
1
Let a(f) = -f**3 + 2*f**2. Let q be a(2). What is the units digit of q + (2 + -3 - -27)?
6
Let f = 16 + 1. Suppose -s + 1 = 0, 2*s - 3*s + f = 2*o. Let w(a) = -a**2 + 9*a + 5. What is the tens digit of w(o)?
1
Suppose 4*f - 433 = 491. What is the units digit of f?
1
Let j = 141 + -85. What is the tens digit of j?
5
What is the units digit of (-582)/9*(-9)/6?
7
What is the tens digit of 2798/22 + (-6)/33?
2
Let q = 24 + -9. Let a = 24 - q. What is the units digit of a?
9
Suppose 22 = v + 2. What is the units digit of 2 + -2 + v/2?
0
Suppose 6*u - 312 = 126. What is the units digit of u?
3
Let l(a) = 2*a - 12. Let g be l(8). Suppose -2*k = -k - g*d - 8, 5*k - 55 = 5*d. What is the units digit of k?
2
Let s = 5 - -2. Let r = s - 6. What is the tens digit of r/(34/(-36) - -1)?
1
Let j(i) = -7*i - 5 + 1 - i**3 - 2*i**2 - 4*i**2. What is the units digit of j(-5)?
6
Let d be 15 - 3*(-2)/(-6). What is the units digit of (4/d)/((-4)/(-28))?
2
Suppose 2*d + 15 + 6 = 5*j, 4*j - 10 = 5*d. Let y = -8 - -4. What is the units digit of (d/3)/(y/(-30))?
5
Suppose u = 3*u - 8. Suppose 3*g - 4*g + u = 0. Let t = g - -8. What is the tens digit of t?
1
Let k(c) = -2*c - 6. Let s be k(7). What is the units digit of 3/(-6)*0 - s?
0
Let a(t) = -9*t - 21. What is the units digit of a(-6)?
3
Let r = -11 + 18. Suppose -3*s = -8 - r. What is the units digit of s?
5
Let k = 472 - 212. What is the hundreds digit of k?
2
Suppose -4 = -4*y + 3*y. Suppose 0 = t, -y*h - t - 4*t = -28. Let k = h + -2. What is the units digit of k?
5
Suppose -y = -2*y + 24. Suppose -c + 3 + 3 = -n, 4*c - y = 2*n. What is the units digit of c?
6
Suppose -2*h - 174 = -4*w, -3*w + 149 = w + 3*h. What is the units digit of w?
1
Suppose -5 - 16 = -3*v. Let i = v + 10. What is the units digit of i?
7
Suppose 4*z = q + 17, -q + z = -2*q - 22. Let a = -10 - q. What is the tens digit of a?
1
Let q(x) = -6*x - 14. What is the tens digit of q(-14)?
7
Suppose -l + 4*l - 30 = 0. Let n be (-168)/l + (-4)/20. Let m = 30 + n. What is the units digit of m?
3
What is the units digit of 5/((-5)/(-11)) - -6?
7
Suppose -1 = -2*o - 5. What is the tens digit of o + (1 - 0) - -20?
1
Let v be 7/(2 + -2 - -1). Suppose -3*g = -9, v*j - 4*j = -4*g + 30. What is the units digit of j?
6
Let p(m) = -m**2 + 9*m - 9. Let r be p(7). Let o(c) = -2*c - 4 + r + 3*c. What is the units digit of o(6)?
7
Let m be (-52)/(-5) - 2/5. Suppose -s = m - 0. Let c = -4 - s. What is the units digit of c?
6
Let p be (582/2)/((-6)/8). Let u = p - -653. What is the units digit of 1/3 - u/(-15)?
8
Suppose 2*q - 6*q + 4*k = -68, -3*q - 5*k = -91. Let b = -12 + q. What is the units digit of b?
0
Let d be 2 - 4/(-6)*6. What is the units digit of (-81)/(-2)*d/9?
7
Let t(u) be the second derivative of u**5/20 + 5*u**4/12 - u**3 + 7*u**2/2 + 3*u. What is the tens digit of t(-5)?
3
Let j(s) = 2*s**2 - 5 + 0*s**3 - s + 5*s**2 + s**3. Let v be j(-7). Suppose v*l - 7 = 5. What is the units digit of l?
6
Let v(k) = -k - 5. Suppose -2*a + 26 = -5*f, 7*f - 4*f - 3*a + 12 = 0. What is the units digit of v(f)?
1
Suppose f - 172 = -5*t, f + 135 = 5*t - 33. What is the units digit of t?
4
Suppose 3*k + 30 = 5*h, 3*h = k + 2 + 16. Let n(v) = 3*v - 9. Let r be n(h). What is the units digit of 83/r + (-8)/36?
9
Let a be (-2)/5 - 84/15. Let s be 0*(1 + a/4). What is the units digit of 2 + s + (-4)/(-4)?
3
What is the tens digit of (102/6)/((-3)/(-3))?
1
Let w = -21 - -7. Let t = 18 + w. What is the units digit of t?
4
Let j = -3 + 6. Let f(i) = 1 - 5*i + i**j - 5*i**2 + 0*i + 0. What is the units digit of f(6)?
7
Suppose -36 = -c + 15. Suppose 2*a - 40 = 3*m + 3, -4*a = m - c. What is the units digit of a?
4
Suppose a - 4*a = -120. What is the units digit of a?
0
Let s(w) = 6*w**3 - 4*w**2 + 4*w - 3. Let p be s(2). Let j be 0/(-5) - (-1 + p